What is m(9)?
20
Let j(w) = 46*w + 5199. Determine j(-113).
1
Let d(h) = 5*h**3 - 4*h**2 + 13*h - 30. Calculate d(2).
20
Let t(c) = c**2 - 40*c + 254. Determine t(17).
-137
Let k(r) = -r**3 + 6*r**2 - 15*r + 29. Give k(4).
1
Let u(c) = 2*c**2 - 2*c - 265. What is u(13)?
47
Let w(b) = -26*b**2 + 30*b + 75. What is w(-6)?
-1041
Let m(s) = -s**3 - 58*s**2 - 8*s + 87. What is m(-58)?
551
Let k(h) = -3*h**2 + 111*h - 582. What is k(40)?
-942
Let x(u) = u**3 + 11*u**2 - 14*u + 3. What is x(-11)?
157
Let h(k) = k**2 + 21*k - 18. Give h(9).
252
Let f(t) = 95*t - 481. Determine f(5).
-6
Let u(k) = 3*k**2 + 44*k - 419. Give u(7).
36
Let i(o) = o**3 + 13*o**2 - o - 133. What is i(-13)?
-120
Let a(n) = n**3 + n**2 + 36*n - 172. What is a(4)?
52
Let w(h) = 2*h**3 - 14*h**2 + 543*h - 4469. Calculate w(8).
3
Let a(z) = -15*z - 214. Give a(8).
-334
Let z(h) = 419*h + 17622. What is z(-42)?
24
Let n(s) = 2*s - 110. Determine n(-18).
-146
Let v(d) = -35*d + 996. Determine v(33).
-159
Let b(p) = -2*p**3 - 89*p**2 - 47*p - 127. Give b(-44).
5
Let o(p) = 2*p**2 + 50*p - 381. What is o(6)?
-9
Let s(y) = y**2 - y - 53. Determine s(6).
-23
Let k(g) = -1242*g + 23603. Calculate k(19).
5
Let p(i) = -2*i**3 - 44*i**2 + 67*i + 1457. Give p(-22).
-17
Let y(v) = 2*v**2 - 12*v + 16. What is y(7)?
30
Let g(v) = 2*v**3 - 72*v**2 + 124*v + 384. What is g(34)?
-24
Let k(x) = -x**3 - 6*x**2 + 36*x + 89. Calculate k(-4).
-87
Let g(m) = -9*m**3 - 979*m**2 + 223*m + 541. What is g(-109)?
-4
Let d(p) = -p**3 - 14*p**2 - 11*p + 13. Give d(-13).
-13
Let q(i) = i**2 - 6*i + 7. Determine q(-14).
287
Let a(v) = -1813*v - 235681. Determine a(-130).
9
Let o(k) = 8*k**2 + 581*k + 171. What is o(-72)?
-189
Let u(p) = 74*p - 158. Determine u(2).
-10
Let z(y) = -4*y + 29. What is z(14)?
-27
Let b(h) = 10*h**2 + 24*h + 40. What is b(-2)?
32
Let j(u) = -183*u + 1769. Give j(10).
-61
Let b(t) = -t**3 + 5*t**2 + 3*t + 5. Give b(3).
32
Let c(o) = 42*o - 155. Give c(5).
55
Let c(s) = s**2 + 833*s + 5787. Calculate c(-7).
5
Let x(o) = -2*o**3 - 46*o**2 + 3*o + 61. Give x(-23).
-8
Let b(k) = 683*k + 10938. Determine b(-16).
10
Let c(l) = 163*l - 10755. What is c(66)?
3
Let y(b) = -188*b**3 - 14*b + 15. Give y(1).
-187
Let m(q) = q**2 - 22*q - 91. Determine m(27).
44
Let g(b) = -6*b**2 + 60*b - 11. Determine g(10).
-11
Let v(t) = -t**2 + 478*t + 10476. Determine v(-21).
-3
Let q(l) = -l**2 - 2*l + 35. What is q(-10)?
-45
Let l(t) = t**3 - 46*t**2 - 137*t - 499. Give l(49).
-9
Let n(h) = 66*h - 422. Determine n(6).
-26
Let t(f) = f + 178. Give t(-53).
125
Let r(h) = -9*h + 70. Determine r(4).
34
Let f(r) = -306*r + 85371. Determine f(279).
-3
Let h(u) = -196*u - 7442. Determine h(-38).
6
Let i(a) = -10*a**2 + 7*a + 39. What is i(-7)?
-500
Let v(n) = -75*n + 45. Determine v(2).
-105
Let l(g) = -g**3 - 3*g**2 + 53*g - 22. Calculate l(5).
43
Let x(k) = -136*k - 1594. Determine x(-12).
38
Let z(j) = -j**2 - 501*j - 6349. Calculate z(-13).
-5
Let n(c) = -52*c - 82. What is n(-1)?
-30
Let k(j) = -3527*j - 197512. What is k(-56)?
0
Let m(r) = 3*r**2 - 81*r - 973. What is m(36)?
-1
Let r(q) = -q**2 + 450*q + 903. Give r(-2).
-1
Let h(n) = -5*n + 180. Calculate h(27).
45
Let t(f) = -325*f - 4254. Give t(-13).
-29
Let t(b) = -b**3 - b**2 + 27*b + 88. Determine t(-3).
25
Let h(p) = -447*p - 81360. Determine h(-182).
-6
Let n(f) = -2*f**2 - 56*f + 864. Give n(-39).
6
Let d(t) = 42*t - 680. What is d(16)?
-8
Let y(w) = -145*w - 757. What is y(-5)?
-32
Let u(w) = -10*w**3 + 109*w**2 - 5*w + 174. What is u(11)?
-2
Let f(q) = -q**2 - 25*q + 464. What is f(-37)?
20
Let w(z) = 6*z**2 - 336*z + 1010. Calculate w(3).
56
Let c(x) = -10*x - 315. What is c(-34)?
25
Let i(z) = -15*z + 60. Determine i(5).
-15
Let y(k) = -3*k**2 - 17*k + 408. What is y(9)?
12
Let c(b) = -2*b**2 + 60*b - 170. Give c(27).
-8
Let b(i) = -11*i**3 - 3*i**2 - 6*i + 15. Calculate b(3).
-327
Let s(w) = -746*w + 749. Give s(1).
3
Let b(a) = 92*a + 6085. Determine b(-66).
13
Let n(q) = 3*q**2 + 56*q - 1265. What is n(-32)?
15
Let f(b) = 10*b - 63. Calculate f(22).
157
Let t(x) = -9*x**2 - 128*x - 8. Determine t(-14).
20
Let t(g) = -g**2 - 82*g - 897. Determine t(-13).
0
Let m(h) = -187*h + 3370. Determine m(18).
4
Let i(q) = -1240*q + 15987. Calculate i(13).
-133
Let h(y) = -2*y**2 - 50*y - 180. Give h(-21).
-12
Let a(f) = 9*f - 1177. Calculate a(132).
11
Let s(i) = -206*i - 1650. What is s(-8)?
-2
Let v(k) = 2*k**3 - k**2 - 7*k - 12. Give v(-3).
-54
Let h(v) = 180*v - 12243. What is h(68)?
-3
Let v(m) = m**2 + 25*m - 152. What is v(-35)?
198
Let p(m) = m**2 - 28*m + 48. Give p(21).
-99
Let m(q) = -q**3 + 97*q**2 + 6*q - 533. Calculate m(97).
49
Let y(v) = -4*v**2 - 6*v - 1. Give y(0).
-1
Let p(d) = -5*d**3 - 36*d**2 - 70*d - 15. Calculate p(-4).
9
Let b(t) = 12*t - 172. Give b(11).
-40
Let c(f) = 6*f + 379. What is c(-43)?
121
Let s(o) = 173*o + 2727. What is s(-13)?
478
Let d(a) = -a**3 - 4*a**2 + 14*a - 10. What is d(-5)?
-55
Let j(i) = i**2 + 1122*i - 25172. Determine j(22).
-4
Let x(f) = f**2 - 174*f + 2576. Calculate x(17).
-93
Let x(h) = -15*h**3 + 2*h**2 - 7*h + 3. Give x(1).
-17
Let l(i) = -2*i**3 - 71*i**2 + 38*i + 74. What is l(-36)?
2
Let v(y) = -y**3 + 125*y**2 - 8*y + 1011. What is v(125)?
11
Let x(y) = -122*y + 2688. What is x(22)?
4
Let v(j) = 2*j**3 - 3*j**2 - 37*j + 74. Give v(2).
4
Let g(s) = s**3 + 6*s**2 - 69*s - 405. Determine g(-8).
19
Let r(q) = 986*q - 1977. Calculate r(2).
-5
Let d(o) = 42*o**2 - 715*o + 14. Calculate d(17).
-3
Let n(j) = 51*j**2 - 73*j - 4. Calculate n(2).
54
Let q(z) = -26*z**2 - 211*z - 210. Give q(-1).
-25
Let s(w) = -27*w + 30. Determine s(-4).
138
Let q(p) = -p**3 + 57*p**2 - 108*p + 5. Give q(55).
115
Let m(f) = -430*f + 435. Determine m(1).
5
Let g(q) = q**3 + 8*q**2 + 7*q + 32. What is g(-8)?
-24
Let i(r) = -277*r + 11635. Determine i(42).
1
Let j(o) = 3*o**2 + 25*o - 91. Give j(-13).
91
Let a(j) = -1216*j - 238331. Give a(-196).
5
Let t(w) = -6*w**2 + 8*w - 1. What is t(3)?
-31
Let h(p) = -12*p**2 - 5*p + 12. Give h(3).
-111
Let a(f) = -178*f + 188. Calculate a(1).
10
Let a(x) = -2*x - 934. Give a(81).
-1096
Let u(o) = -178*o - 2306. What is u(-13)?
8
Let x(p) = 1263*p - 2524. Determine x(2).
2
Let r(v) = -3*v - 5. Determine r(2).
-11
Let x(a) = 5*a**2 + 52*a + 94. Give x(-2).
10
Let q(w) = -w**3 + 6*w**2 + 12*w - 104. Give q(8).
-136
Let a(b) = 23*b**2 + 928*b - 609. Calculate a(-41).
6
Let v(c) = -77*c + 5037. Determine v(66).
-45
Let s(r) = -r**3 + 27*r**2 + 219*r - 6385. What is s(26)?
-15
Let a(r) = 16*r**3 + 64*r**2 + 10*r + 34. What is a(-4)?
-6
Let k(z) = -7*z**2 + 6*z + 19. Calculate k(-4).
-117
Let i(t) = 170*t - 12146. Calculate i(71).
-76
Let m(a) = 188*a - 2326. Calculate m(12).
-70
Let y(p) = -2*p + 618. Calculate y(112).
394
Let q(o) = o**2 + 11*o + 34. Determine q(-7).
6
Let o(i) = -i**2 - 12*i + 3. Calculate o(5).
-82
Let k(c) = -84*c - 16. Calculate k(1).
-100
Let d(k) = 689*k + 2065. Calculate d(-3).
-2
Let a(d) = -26*d - 1461. Give a(-55).
-31
Let s(l) = -2372*l + 4742. What is s(2)?
-2
Let p(c) = -c**3 + 28*c**2 - 9. What is p(28)?
-9
Let q(w) = -3*w**2 - 1603*w - 6359. Determine q(-4).
5
Let o(d) = 19*d**2 + 27*d - 31. What is o(1)?
15
Let p(l) = -71*l + 494. Calculate p(13).
-429
Let a(m) = -32*m + 54. Give a(-3).
150
Let t(i) = -9*i**3 - 4*i**2 - 3*i - 8. What is t(-3)?
208
Let f(c) = -18*c**2 + 553*c + 149. Determine f(31).
-6
Let n(d) = -2*d**2 + 103*d - 702. Give n(8).
-6
Let x(h) = -h**3 - 3*h**2 + 41*h - 20. Determine x(-8).
-28
Let l(p) = -p**3 - p**2 + p - 131. What is l(0)?
-131
Let r(s) = -31*s - 8. Calculate r(-3).
85
Let q(s) = 4*s**2 + 2*s + 3. Determine q(-1).
5
Let u(r) = r**2 + 8*r - 43. Give u(-13).
22
Let h(l) = -14*l**3 - l**2 + 277*l - 276. What is h(1)?
-14
Let c(s) = -57*s + 155. Give c(3).
-16
Let q(x) = -x - 305. Give q(6).
-311
Let u(y) = 11*y + 119. Give u(-35).
-266
Let y(w) = 2*w**3 - 130*w**2 - 136*w + 270. Determine y(66).
6
Let f(y) = -y**3 + 15*y**2 + 24*y - 95. What is f(16)?
33
Let q(g) = -1107*g - 35481. Determine q(-32).
-57
Let w(x) = 2*x**2 - 37*x + 175. Give w(10).
5
Let d(z) = -2*z**3 - 122*z**2 - 240*z - 321. What is d(-59)?
-85
Let w(n) = -19*n + 167. Calculate w(-5).
262
Let h(d) = 8*d**3 - 4*d**2 + 10*d + 18. Give h(4).
506
Let n(u)